 divided by 3565?
3076
Calculate the remainder when 2064280 is divided by 167.
160
What is the remainder when 948053 is divided by 138?
131
What is the remainder when 711093 is divided by 151?
34
Calculate the remainder when 17713866 is divided by 583.
577
What is the remainder when 41696 is divided by 10379?
180
Calculate the remainder when 2256073 is divided by 48001.
26
What is the remainder when 215157 is divided by 610?
437
What is the remainder when 30537729 is divided by 459?
0
Calculate the remainder when 34385911 is divided by 192100.
11
Calculate the remainder when 731519 is divided by 143.
74
Calculate the remainder when 27690 is divided by 1084.
590
What is the remainder when 1088411 is divided by 1908?
851
What is the remainder when 580284844 is divided by 92?
88
What is the remainder when 3413862 is divided by 3616?
358
What is the remainder when 189927 is divided by 538?
13
What is the remainder when 6034520 is divided by 9685?
765
Calculate the remainder when 88031615 is divided by 32.
31
What is the remainder when 95911808 is divided by 1624?
1616
Calculate the remainder when 26429249 is divided by 265.
4
Calculate the remainder when 497018 is divided by 4074.
4064
What is the remainder when 63058 is divided by 10504?
34
What is the remainder when 348527038 is divided by 348527030?
8
What is the remainder when 10195321 is divided by 871?
266
What is the remainder when 40148480 is divided by 120205?
10
Calculate the remainder when 66114698 is divided by 4722477.
20
What is the remainder when 96331172 is divided by 3?
2
Calculate the remainder when 472057 is divided by 9673.
7753
Calculate the remainder when 84559 is divided by 12128.
11791
Calculate the remainder when 810155 is divided by 12.
11
What is the remainder when 83217 is divided by 83182?
35
What is the remainder when 12468358 is divided by 24?
22
What is the remainder when 1254976 is divided by 10458?
16
What is the remainder when 1798331 is divided by 22476?
251
Calculate the remainder when 16338584 is divided by 8169286.
12
Calculate the remainder when 59580 is divided by 2057.
1984
What is the remainder when 83031707 is divided by 215?
212
Calculate the remainder when 24703441 is divided by 65.
61
What is the remainder when 2056283 is divided by 479?
415
Calculate the remainder when 27923327 is divided by 1190.
1167
Calculate the remainder when 141472 is divided by 23133.
2674
Calculate the remainder when 49859012 is divided by 612.
596
Calculate the remainder when 2967186 is divided by 64504.
2
What is the remainder when 390736 is divided by 6650?
5036
What is the remainder when 18459 is divided by 8714?
1031
What is the remainder when 36692923 is divided by 16?
11
What is the remainder when 2794203 is divided by 4279?
16
What is the remainder when 165998 is divided by 165794?
204
What is the remainder when 25376 is divided by 183?
122
What is the remainder when 3077355 is divided by 1538674?
7
What is the remainder when 3678474 is divided by 29?
27
What is the remainder when 1738468 is divided by 493?
150
Calculate the remainder when 6186019 is divided by 11.
4
Calculate the remainder when 748762 is divided by 458.
390
Calculate the remainder when 11161681 is divided by 694.
79
What is the remainder when 315895 is divided by 5174?
281
What is the remainder when 92254678 is divided by 1512?
1510
Calculate the remainder when 2763659 is divided by 345456.
11
Calculate the remainder when 367564 is divided by 122151.
1111
Calculate the remainder when 382361 is divided by 382354.
7
What is the remainder when 31325 is divided by 849?
761
What is the remainder when 1051492 is divided by 398?
374
What is the remainder when 522196 is divided by 174046?
58
Calculate the remainder when 2747198 is divided by 40.
38
What is the remainder when 2939520 is divided by 812?
80
Calculate the remainder when 89890 is divided by 7188.
3634
What is the remainder when 283205 is divided by 70664?
549
What is the remainder when 698141 is divided by 1101?
107
What is the remainder when 338828 is divided by 84705?
8
Calculate the remainder when 6105382 is divided by 24.
22
Calculate the remainder when 465501 is divided by 419.
411
Calculate the remainder when 969295 is divided by 193590.
1345
Calculate the remainder when 7232045 is divided by 363.
359
What is the remainder when 1381016 is divided by 8?
0
What is the remainder when 1814892 is divided by 907242?
408
What is the remainder when 5193241 is divided by 271?
68
Calculate the remainder when 13707821 is divided by 2621.
2612
Calculate the remainder when 61057 is divided by 30506.
45
Calculate the remainder when 3003149 is divided by 621.
614
Calculate the remainder when 4241676 is divided by 2120769.
138
What is the remainder when 46279253 is divided by 10002?
10001
What is the remainder when 23658358 is divided by 1?
0
Calculate the remainder when 93789514 is divided by 13398497.
35
What is the remainder when 48207 is divided by 23956?
295
Calculate the remainder when 6896523 is divided by 199.
178
Calculate the remainder when 7159388 is divided by 253.
247
What is the remainder when 416724 is divided by 11261?
67
Calculate the remainder when 101809249 is divided by 96228.
25
Calculate the remainder when 142116213 is divided by 44.
41
Calculate the remainder when 362319 is divided by 40162.
861
Calculate the remainder when 3410172 is divided by 112.
108
Calculate the remainder when 2682630 is divided by 3457.
3455
Calculate the remainder when 4016188 is divided by 1338703.
79
Calculate the remainder when 125800784 is divided by 2168979.
2
Calculate the remainder when 352027 is divided by 120.
67
Calculate the remainder when 75797 is divided by 37035.
1727
Calculate the remainder when 171899 is divided by 34363.
84
What is the remainder when 1171453398 is divided by 325?
323
Calculate the remainder when 1510354 is divided by 26039.
92
What is the remainder when 34454954 is divided by 6445?
6429
Calculate the remainder when 10344980 is divided by 1226.
1218
What is the remainder when 5935212 is divided by 3022?
4
What is the remainder when 69734910 is divided by 69734909?
1
What is the remainder when 125444970 is divided by 1075?
1070
Calculate the remainder when 4875727 is divided by 873.
22
Calculate the remainder when 32263565 is divided by 51.
47
What is the remainder when 60660 is divided by 20160?
180
What is the remainder when 9015664 is divided by 3205?
3204
What is the remainder when 3763587 is divided by 76?
67
Calculate the remainder when 308872 is divided by 7760.
6232
Calculate the remainder when 520960 is divided by 74420.
20
Calculate the remainder when 1577 is divided by 268.
237
Calculate the remainder when 502912 is divided by 7082.
90
Calculate the remainder when 2287558 is divided by 87979.
104
What is the remainder when 81741 is divided by 279?
273
Calculate the remainder when 1222361 is divided by 23.
3
Calculate the remainder when 761102 is divided by 17698.
88
What is the remainder when 1847408 is divided by 923661?
86
What is the remainder when 31937798 is divided by 249514?
6
Calculate the remainder when 10527745 is divided by 931.
928
Calculate the remainder when 248317 is divided by 14.
13
Calculate the remainder when 46781743 is divided by 9614.
19
Calculate the remainder when 49613100 is divided by 1582.
1580
What is the remainder when 3008412 is divided by 103736?
68
Calculate the remainder when 844186 is divided by 4197.
589
Calculate the remainder when 10018 is divided by 3229.
331
What is the remainder when 906193 is divided by 452923?
347
Calculate the remainder when 363249487 is divided by 3694.
3691
Calculate the remainder when 1337899 is divided by 43158.
1
Calculate the remainder when 51792760 is divided by 2037.
2035
What is the remainder when 1053845 is divided by 7214?
601
What is the remainder when 3375471 is divided by 1687618?
235
What is the remainder when 602136 is divided by 782?
778
Calculate the remainder when 39636 is divided by 4067.
3033
Calculate the remainder when 545458 is divided by 25919.
1159
Calculate the remainder when 13527348 is divided by 181.
132
What is the remainder when 1830337 is divided by 63107?
234
What is the remainder when 8805814 is divided by 456?
454
Cal